{"id":12882,"date":"2025-10-25T22:43:06","date_gmt":"2025-10-25T20:43:06","guid":{"rendered":"https:\/\/thegreenballoon.org\/patisxclima\/?page_id=12882"},"modified":"2026-02-26T06:20:57","modified_gmt":"2026-02-26T04:20:57","slug":"patios-x-clima-red","status":"publish","type":"page","link":"https:\/\/thegreenballoon.org\/patisxclima\/patios-x-clima-red\/","title":{"rendered":"red estatal"},"content":{"rendered":"\n<div class=\"wp-block-query noticies noticias news is-layout-flow wp-block-query-is-layout-flow\"><ul class=\"columns-2 wp-block-post-template is-layout-grid wp-container-core-post-template-is-layout-17361a50 wp-block-post-template-is-layout-grid\"><li class=\"wp-block-post post-13038 post type-post status-publish format-standard has-post-thumbnail hentry category-noticias category-patios-x-clima-red infinite-scroll-item generate-columns tablet-grid-50 mobile-grid-100 grid-parent grid-25 no-featured-image-padding\">\n<figure style=\"aspect-ratio:16\/9;\" class=\"wp-block-post-featured-image\"><a href=\"https:\/\/thegreenballoon.org\/patisxclima\/noticias\/que-es-la-red-estatal\/\" target=\"_self\"  ><img loading=\"lazy\" decoding=\"async\" width=\"1200\" height=\"675\" src=\"https:\/\/thegreenballoon.org\/patisxclima\/wp-content\/uploads\/2023\/11\/231019_VII-jornades-patis-x-clima-17-scaled.jpg\" class=\"attachment-post-thumbnail size-post-thumbnail wp-post-image\" alt=\"Quieres formar parte de la RED estatal\" style=\"width:100%;height:100%;object-fit:cover;\" srcset=\"https:\/\/thegreenballoon.org\/patisxclima\/wp-content\/uploads\/2023\/11\/231019_VII-jornades-patis-x-clima-17-scaled.jpg 1200w, https:\/\/thegreenballoon.org\/patisxclima\/wp-content\/uploads\/2023\/11\/231019_VII-jornades-patis-x-clima-17-scaled-300x169.jpg 300w, https:\/\/thegreenballoon.org\/patisxclima\/wp-content\/uploads\/2023\/11\/231019_VII-jornades-patis-x-clima-17-scaled-1024x576.jpg 1024w, https:\/\/thegreenballoon.org\/patisxclima\/wp-content\/uploads\/2023\/11\/231019_VII-jornades-patis-x-clima-17-scaled-768x432.jpg 768w\" sizes=\"auto, (max-width: 1200px) 100vw, 1200px\" \/><\/a><\/figure>\n\n\n<div class=\"wp-block-group is-vertical is-content-justification-stretch is-layout-flex wp-container-core-group-is-layout-b16ad781 wp-block-group-is-layout-flex\"><h3 class=\"wp-block-post-title\"><a href=\"https:\/\/thegreenballoon.org\/patisxclima\/noticias\/que-es-la-red-estatal\/\" target=\"_self\" >Quieres formar parte de la RED estatal<\/a><\/h3>\n\n<div class=\"wp-block-post-excerpt\"><p class=\"wp-block-post-excerpt__excerpt\">La Red Estatal de Renaturalizaci\u00f3n de Espacios y Entornos Educativos es una iniciativa que \u00a0nace de la necesidad de dar&hellip; <\/p><\/div>\n\n\n<p><\/p>\n\n\n\n<p><\/p>\n<\/div>\n\n<\/li><li class=\"wp-block-post post-12934 post type-post status-publish format-standard has-post-thumbnail hentry category-noticias category-patios-x-clima-red infinite-scroll-item generate-columns tablet-grid-50 mobile-grid-100 grid-parent grid-25 no-featured-image-padding\">\n<figure style=\"aspect-ratio:16\/9;\" class=\"wp-block-post-featured-image\"><a href=\"https:\/\/thegreenballoon.org\/patisxclima\/noticias\/iv-mesa-intersectorial-estatal-en-zaragoza\/\" target=\"_self\"  ><img loading=\"lazy\" decoding=\"async\" width=\"1600\" height=\"1200\" src=\"https:\/\/thegreenballoon.org\/patisxclima\/wp-content\/uploads\/2025\/10\/251020_IV-mesa-red-pxc-18.jpg\" class=\"attachment-post-thumbnail size-post-thumbnail wp-post-image\" alt=\"IV Mesa Intersectorial Estatal en Zaragoza\" style=\"width:100%;height:100%;object-fit:cover;\" srcset=\"https:\/\/thegreenballoon.org\/patisxclima\/wp-content\/uploads\/2025\/10\/251020_IV-mesa-red-pxc-18.jpg 1600w, https:\/\/thegreenballoon.org\/patisxclima\/wp-content\/uploads\/2025\/10\/251020_IV-mesa-red-pxc-18-300x225.jpg 300w, https:\/\/thegreenballoon.org\/patisxclima\/wp-content\/uploads\/2025\/10\/251020_IV-mesa-red-pxc-18-1024x768.jpg 1024w, https:\/\/thegreenballoon.org\/patisxclima\/wp-content\/uploads\/2025\/10\/251020_IV-mesa-red-pxc-18-768x576.jpg 768w, https:\/\/thegreenballoon.org\/patisxclima\/wp-content\/uploads\/2025\/10\/251020_IV-mesa-red-pxc-18-1536x1152.jpg 1536w\" sizes=\"auto, (max-width: 1600px) 100vw, 1600px\" \/><\/a><\/figure>\n\n\n<div class=\"wp-block-group is-vertical is-content-justification-stretch is-layout-flex wp-container-core-group-is-layout-b16ad781 wp-block-group-is-layout-flex\"><h3 class=\"wp-block-post-title\"><a href=\"https:\/\/thegreenballoon.org\/patisxclima\/noticias\/iv-mesa-intersectorial-estatal-en-zaragoza\/\" target=\"_self\" >IV Mesa Intersectorial Estatal en Zaragoza<\/a><\/h3>\n\n<div class=\"wp-block-post-excerpt\"><p class=\"wp-block-post-excerpt__excerpt\">El pasado 20 de octubre se celebr\u00f3 en Zaragoza la IV Mesa Intersectorial a nivel estatal de Renaturalizaci\u00f3n de Espacios&hellip; <\/p><\/div>\n\n\n<p><\/p>\n\n\n\n<p><\/p>\n<\/div>\n\n<\/li><li class=\"wp-block-post post-11697 post type-post status-publish format-standard has-post-thumbnail hentry category-noticias category-patios-x-clima-red infinite-scroll-item generate-columns tablet-grid-50 mobile-grid-100 grid-parent grid-25 no-featured-image-padding\">\n<figure style=\"aspect-ratio:16\/9;\" class=\"wp-block-post-featured-image\"><a href=\"https:\/\/thegreenballoon.org\/patisxclima\/noticias\/iii-mesa-intersectorial-estatal-en-barcelona\/\" target=\"_self\"  ><img loading=\"lazy\" decoding=\"async\" width=\"2560\" height=\"1920\" src=\"https:\/\/thegreenballoon.org\/patisxclima\/wp-content\/uploads\/2024\/10\/241017_VIII_Jornades_MatinalTecnica_30-scaled.jpg\" class=\"attachment-post-thumbnail size-post-thumbnail wp-post-image\" alt=\"III Mesa Intersectorial estatal en Barcelona\" style=\"width:100%;height:100%;object-fit:cover;\" srcset=\"https:\/\/thegreenballoon.org\/patisxclima\/wp-content\/uploads\/2024\/10\/241017_VIII_Jornades_MatinalTecnica_30-scaled.jpg 2560w, https:\/\/thegreenballoon.org\/patisxclima\/wp-content\/uploads\/2024\/10\/241017_VIII_Jornades_MatinalTecnica_30-300x225.jpg 300w, https:\/\/thegreenballoon.org\/patisxclima\/wp-content\/uploads\/2024\/10\/241017_VIII_Jornades_MatinalTecnica_30-1024x768.jpg 1024w, https:\/\/thegreenballoon.org\/patisxclima\/wp-content\/uploads\/2024\/10\/241017_VIII_Jornades_MatinalTecnica_30-768x576.jpg 768w, https:\/\/thegreenballoon.org\/patisxclima\/wp-content\/uploads\/2024\/10\/241017_VIII_Jornades_MatinalTecnica_30-1536x1152.jpg 1536w, https:\/\/thegreenballoon.org\/patisxclima\/wp-content\/uploads\/2024\/10\/241017_VIII_Jornades_MatinalTecnica_30-2048x1536.jpg 2048w\" sizes=\"auto, (max-width: 2560px) 100vw, 2560px\" \/><\/a><\/figure>\n\n\n<div class=\"wp-block-group is-vertical is-content-justification-stretch is-layout-flex wp-container-core-group-is-layout-b16ad781 wp-block-group-is-layout-flex\"><h3 class=\"wp-block-post-title\"><a href=\"https:\/\/thegreenballoon.org\/patisxclima\/noticias\/iii-mesa-intersectorial-estatal-en-barcelona\/\" target=\"_self\" >III Mesa Intersectorial estatal en Barcelona<\/a><\/h3>\n\n<div class=\"wp-block-post-excerpt\"><p class=\"wp-block-post-excerpt__excerpt\">El pasado 17 de octubre tuvo lugar la III Mesa Intersectorial a nivel estatal de Renaturalizaci\u00f3n de Espacios y Entornos&hellip; <\/p><\/div>\n\n\n<p><\/p>\n\n\n\n<p><\/p>\n<\/div>\n\n<\/li><li class=\"wp-block-post post-9898 post type-post status-publish format-standard has-post-thumbnail hentry category-noticias category-patios-x-clima-red infinite-scroll-item generate-columns tablet-grid-50 mobile-grid-100 grid-parent grid-25 no-featured-image-padding\">\n<figure style=\"aspect-ratio:16\/9;\" class=\"wp-block-post-featured-image\"><a href=\"https:\/\/thegreenballoon.org\/patisxclima\/noticias\/ii-mesa-intersectorial-estatal-renaturalizacion-de-la-escuela\/\" target=\"_self\"  ><img loading=\"lazy\" decoding=\"async\" width=\"2000\" height=\"1500\" src=\"https:\/\/thegreenballoon.org\/patisxclima\/wp-content\/uploads\/2024\/06\/patis-x-clima-II-mesa-intersectorial-madrid-1.jpg\" class=\"attachment-post-thumbnail size-post-thumbnail wp-post-image\" alt=\"II mesa intersectorial estatal en Madrid\" style=\"width:100%;height:100%;object-fit:cover;\" srcset=\"https:\/\/thegreenballoon.org\/patisxclima\/wp-content\/uploads\/2024\/06\/patis-x-clima-II-mesa-intersectorial-madrid-1.jpg 2000w, https:\/\/thegreenballoon.org\/patisxclima\/wp-content\/uploads\/2024\/06\/patis-x-clima-II-mesa-intersectorial-madrid-1-300x225.jpg 300w, https:\/\/thegreenballoon.org\/patisxclima\/wp-content\/uploads\/2024\/06\/patis-x-clima-II-mesa-intersectorial-madrid-1-1024x768.jpg 1024w, https:\/\/thegreenballoon.org\/patisxclima\/wp-content\/uploads\/2024\/06\/patis-x-clima-II-mesa-intersectorial-madrid-1-768x576.jpg 768w, https:\/\/thegreenballoon.org\/patisxclima\/wp-content\/uploads\/2024\/06\/patis-x-clima-II-mesa-intersectorial-madrid-1-1536x1152.jpg 1536w\" sizes=\"auto, (max-width: 2000px) 100vw, 2000px\" \/><\/a><\/figure>\n\n\n<div class=\"wp-block-group is-vertical is-content-justification-stretch is-layout-flex wp-container-core-group-is-layout-b16ad781 wp-block-group-is-layout-flex\"><h3 class=\"wp-block-post-title\"><a href=\"https:\/\/thegreenballoon.org\/patisxclima\/noticias\/ii-mesa-intersectorial-estatal-renaturalizacion-de-la-escuela\/\" target=\"_self\" >II mesa intersectorial estatal en Madrid<\/a><\/h3>\n\n<div class=\"wp-block-post-excerpt\"><p class=\"wp-block-post-excerpt__excerpt\">El pasado 30 y 31 de Mayo tuvo lugar la II Mesa Intersectorial a nivel estatal de Renaturalizaci\u00f3n de Espacios&hellip; <\/p><\/div>\n\n\n<p><\/p>\n\n\n\n<p><\/p>\n<\/div>\n\n<\/li><li class=\"wp-block-post post-7328 post type-post status-publish format-standard has-post-thumbnail hentry category-noticias category-patios-x-clima-red infinite-scroll-item generate-columns tablet-grid-50 mobile-grid-100 grid-parent grid-25 no-featured-image-padding\">\n<figure style=\"aspect-ratio:16\/9;\" class=\"wp-block-post-featured-image\"><a href=\"https:\/\/thegreenballoon.org\/patisxclima\/noticias\/resultados-de-la-i-mesa-intersectorial-a-nivel-estatal\/\" target=\"_self\"  ><img loading=\"lazy\" decoding=\"async\" width=\"1200\" height=\"675\" src=\"https:\/\/thegreenballoon.org\/patisxclima\/wp-content\/uploads\/2023\/11\/231019_taula-intersectorial-4-scaled.jpg\" class=\"attachment-post-thumbnail size-post-thumbnail wp-post-image\" alt=\"I Mesa Intersectorial a nivel estatal en Barcelona\" style=\"width:100%;height:100%;object-fit:cover;\" srcset=\"https:\/\/thegreenballoon.org\/patisxclima\/wp-content\/uploads\/2023\/11\/231019_taula-intersectorial-4-scaled.jpg 1200w, https:\/\/thegreenballoon.org\/patisxclima\/wp-content\/uploads\/2023\/11\/231019_taula-intersectorial-4-scaled-300x169.jpg 300w, https:\/\/thegreenballoon.org\/patisxclima\/wp-content\/uploads\/2023\/11\/231019_taula-intersectorial-4-scaled-1024x576.jpg 1024w, https:\/\/thegreenballoon.org\/patisxclima\/wp-content\/uploads\/2023\/11\/231019_taula-intersectorial-4-scaled-768x432.jpg 768w\" sizes=\"auto, (max-width: 1200px) 100vw, 1200px\" \/><\/a><\/figure>\n\n\n<div class=\"wp-block-group is-vertical is-content-justification-stretch is-layout-flex wp-container-core-group-is-layout-b16ad781 wp-block-group-is-layout-flex\"><h3 class=\"wp-block-post-title\"><a href=\"https:\/\/thegreenballoon.org\/patisxclima\/noticias\/resultados-de-la-i-mesa-intersectorial-a-nivel-estatal\/\" target=\"_self\" >I Mesa Intersectorial a nivel estatal en Barcelona<\/a><\/h3>\n\n<div class=\"wp-block-post-excerpt\"><p class=\"wp-block-post-excerpt__excerpt\">Por s\u00e9ptimo a\u00f1o consecutivo se celebran las Jornadas de Renaturalizaci\u00f3n de Espacios y Entornos Educativos. A lo largo de estos&hellip; <\/p><\/div>\n\n\n<p><\/p>\n\n\n\n<p><\/p>\n<\/div>\n\n<\/li><\/ul>\n\n\n<div style=\"height:var(--wp--preset--spacing--80)\" aria-hidden=\"true\" class=\"wp-block-spacer\"><\/div>\n\n\n\n\n<\/div>\n\n\n\n<p><\/p>\n","protected":false},"excerpt":{"rendered":"","protected":false},"author":3,"featured_media":0,"parent":0,"menu_order":0,"comment_status":"closed","ping_status":"closed","template":"","meta":{"footnotes":""},"class_list":{"0":"post-12882","1":"page","2":"type-page","3":"status-publish","5":"infinite-scroll-item","6":"no-featured-image-padding"},"_links":{"self":[{"href":"https:\/\/thegreenballoon.org\/patisxclima\/wp-json\/wp\/v2\/pages\/12882","targetHints":{"allow":["GET"]}}],"collection":[{"href":"https:\/\/thegreenballoon.org\/patisxclima\/wp-json\/wp\/v2\/pages"}],"about":[{"href":"https:\/\/thegreenballoon.org\/patisxclima\/wp-json\/wp\/v2\/types\/page"}],"author":[{"embeddable":true,"href":"https:\/\/thegreenballoon.org\/patisxclima\/wp-json\/wp\/v2\/users\/3"}],"replies":[{"embeddable":true,"href":"https:\/\/thegreenballoon.org\/patisxclima\/wp-json\/wp\/v2\/comments?post=12882"}],"version-history":[{"count":8,"href":"https:\/\/thegreenballoon.org\/patisxclima\/wp-json\/wp\/v2\/pages\/12882\/revisions"}],"predecessor-version":[{"id":13315,"href":"https:\/\/thegreenballoon.org\/patisxclima\/wp-json\/wp\/v2\/pages\/12882\/revisions\/13315"}],"wp:attachment":[{"href":"https:\/\/thegreenballoon.org\/patisxclima\/wp-json\/wp\/v2\/media?parent=12882"}],"curies":[{"name":"wp","href":"https:\/\/api.w.org\/{rel}","templated":true}]}}

<div class="wp-block-query noticies noticias news is-layout-flow wp-block-query-is-layout-flow"><ul class="columns-2 wp-block-post-template is-layout-grid wp-container-core-post-template-is-layout-17361a50 wp-block-post-template-is-layout-grid"><li class="wp-block-post post-13038 post type-post status-publish format-standard has-post-thumbnail hentry category-noticias category-patios-x-clima-red infinite-scroll-item generate-columns tablet-grid-50 mobile-grid-100 grid-parent grid-25 no-featured-image-padding">
<figure style="aspect-ratio:16/9;" class="wp-block-post-featured-image"><a href="https://thegreenballoon.org/patisxclima/noticias/que-es-la-red-estatal/" target="_self"  ><img loading="lazy" decoding="async" width="1200" height="675" src="https://thegreenballoon.org/patisxclima/wp-content/uploads/2023/11/231019_VII-jornades-patis-x-clima-17-scaled.jpg" class="attachment-post-thumbnail size-post-thumbnail wp-post-image" alt="Quieres formar parte de la RED estatal" style="width:100%;height:100%;object-fit:cover;" srcset="https://thegreenballoon.org/patisxclima/wp-content/uploads/2023/11/231019_VII-jornades-patis-x-clima-17-scaled.jpg 1200w, https://thegreenballoon.org/patisxclima/wp-content/uploads/2023/11/231019_VII-jornades-patis-x-clima-17-scaled-300x169.jpg 300w, https://thegreenballoon.org/patisxclima/wp-content/uploads/2023/11/231019_VII-jornades-patis-x-clima-17-scaled-1024x576.jpg 1024w, https://thegreenballoon.org/patisxclima/wp-content/uploads/2023/11/231019_VII-jornades-patis-x-clima-17-scaled-768x432.jpg 768w" sizes="auto, (max-width: 1200px) 100vw, 1200px" /></a></figure>


<div class="wp-block-group is-vertical is-content-justification-stretch is-layout-flex wp-container-core-group-is-layout-b16ad781 wp-block-group-is-layout-flex"><h3 class="wp-block-post-title"><a href="https://thegreenballoon.org/patisxclima/noticias/que-es-la-red-estatal/" target="_self" >Quieres formar parte de la RED estatal</a></h3>

<div class="wp-block-post-excerpt"><p class="wp-block-post-excerpt__excerpt">La Red Estatal de Renaturalización de Espacios y Entornos Educativos es una iniciativa que  nace de la necesidad de dar&hellip; </p></div>


<p></p>



<p></p>
</div>

</li><li class="wp-block-post post-12934 post type-post status-publish format-standard has-post-thumbnail hentry category-noticias category-patios-x-clima-red infinite-scroll-item generate-columns tablet-grid-50 mobile-grid-100 grid-parent grid-25 no-featured-image-padding">
<figure style="aspect-ratio:16/9;" class="wp-block-post-featured-image"><a href="https://thegreenballoon.org/patisxclima/noticias/iv-mesa-intersectorial-estatal-en-zaragoza/" target="_self"  ><img loading="lazy" decoding="async" width="1600" height="1200" src="https://thegreenballoon.org/patisxclima/wp-content/uploads/2025/10/251020_IV-mesa-red-pxc-18.jpg" class="attachment-post-thumbnail size-post-thumbnail wp-post-image" alt="IV Mesa Intersectorial Estatal en Zaragoza" style="width:100%;height:100%;object-fit:cover;" srcset="https://thegreenballoon.org/patisxclima/wp-content/uploads/2025/10/251020_IV-mesa-red-pxc-18.jpg 1600w, https://thegreenballoon.org/patisxclima/wp-content/uploads/2025/10/251020_IV-mesa-red-pxc-18-300x225.jpg 300w, https://thegreenballoon.org/patisxclima/wp-content/uploads/2025/10/251020_IV-mesa-red-pxc-18-1024x768.jpg 1024w, https://thegreenballoon.org/patisxclima/wp-content/uploads/2025/10/251020_IV-mesa-red-pxc-18-768x576.jpg 768w, https://thegreenballoon.org/patisxclima/wp-content/uploads/2025/10/251020_IV-mesa-red-pxc-18-1536x1152.jpg 1536w" sizes="auto, (max-width: 1600px) 100vw, 1600px" /></a></figure>


<div class="wp-block-group is-vertical is-content-justification-stretch is-layout-flex wp-container-core-group-is-layout-b16ad781 wp-block-group-is-layout-flex"><h3 class="wp-block-post-title"><a href="https://thegreenballoon.org/patisxclima/noticias/iv-mesa-intersectorial-estatal-en-zaragoza/" target="_self" >IV Mesa Intersectorial Estatal en Zaragoza</a></h3>

<div class="wp-block-post-excerpt"><p class="wp-block-post-excerpt__excerpt">El pasado 20 de octubre se celebró en Zaragoza la IV Mesa Intersectorial a nivel estatal de Renaturalización de Espacios&hellip; </p></div>


<p></p>



<p></p>
</div>

</li><li class="wp-block-post post-11697 post type-post status-publish format-standard has-post-thumbnail hentry category-noticias category-patios-x-clima-red infinite-scroll-item generate-columns tablet-grid-50 mobile-grid-100 grid-parent grid-25 no-featured-image-padding">
<figure style="aspect-ratio:16/9;" class="wp-block-post-featured-image"><a href="https://thegreenballoon.org/patisxclima/noticias/iii-mesa-intersectorial-estatal-en-barcelona/" target="_self"  ><img loading="lazy" decoding="async" width="2560" height="1920" src="https://thegreenballoon.org/patisxclima/wp-content/uploads/2024/10/241017_VIII_Jornades_MatinalTecnica_30-scaled.jpg" class="attachment-post-thumbnail size-post-thumbnail wp-post-image" alt="III Mesa Intersectorial estatal en Barcelona" style="width:100%;height:100%;object-fit:cover;" srcset="https://thegreenballoon.org/patisxclima/wp-content/uploads/2024/10/241017_VIII_Jornades_MatinalTecnica_30-scaled.jpg 2560w, https://thegreenballoon.org/patisxclima/wp-content/uploads/2024/10/241017_VIII_Jornades_MatinalTecnica_30-300x225.jpg 300w, https://thegreenballoon.org/patisxclima/wp-content/uploads/2024/10/241017_VIII_Jornades_MatinalTecnica_30-1024x768.jpg 1024w, https://thegreenballoon.org/patisxclima/wp-content/uploads/2024/10/241017_VIII_Jornades_MatinalTecnica_30-768x576.jpg 768w, https://thegreenballoon.org/patisxclima/wp-content/uploads/2024/10/241017_VIII_Jornades_MatinalTecnica_30-1536x1152.jpg 1536w, https://thegreenballoon.org/patisxclima/wp-content/uploads/2024/10/241017_VIII_Jornades_MatinalTecnica_30-2048x1536.jpg 2048w" sizes="auto, (max-width: 2560px) 100vw, 2560px" /></a></figure>


<div class="wp-block-group is-vertical is-content-justification-stretch is-layout-flex wp-container-core-group-is-layout-b16ad781 wp-block-group-is-layout-flex"><h3 class="wp-block-post-title"><a href="https://thegreenballoon.org/patisxclima/noticias/iii-mesa-intersectorial-estatal-en-barcelona/" target="_self" >III Mesa Intersectorial estatal en Barcelona</a></h3>

<div class="wp-block-post-excerpt"><p class="wp-block-post-excerpt__excerpt">El pasado 17 de octubre tuvo lugar la III Mesa Intersectorial a nivel estatal de Renaturalización de Espacios y Entornos&hellip; </p></div>


<p></p>



<p></p>
</div>

</li><li class="wp-block-post post-9898 post type-post status-publish format-standard has-post-thumbnail hentry category-noticias category-patios-x-clima-red infinite-scroll-item generate-columns tablet-grid-50 mobile-grid-100 grid-parent grid-25 no-featured-image-padding">
<figure style="aspect-ratio:16/9;" class="wp-block-post-featured-image"><a href="https://thegreenballoon.org/patisxclima/noticias/ii-mesa-intersectorial-estatal-renaturalizacion-de-la-escuela/" target="_self"  ><img loading="lazy" decoding="async" width="2000" height="1500" src="https://thegreenballoon.org/patisxclima/wp-content/uploads/2024/06/patis-x-clima-II-mesa-intersectorial-madrid-1.jpg" class="attachment-post-thumbnail size-post-thumbnail wp-post-image" alt="II mesa intersectorial estatal en Madrid" style="width:100%;height:100%;object-fit:cover;" srcset="https://thegreenballoon.org/patisxclima/wp-content/uploads/2024/06/patis-x-clima-II-mesa-intersectorial-madrid-1.jpg 2000w, https://thegreenballoon.org/patisxclima/wp-content/uploads/2024/06/patis-x-clima-II-mesa-intersectorial-madrid-1-300x225.jpg 300w, https://thegreenballoon.org/patisxclima/wp-content/uploads/2024/06/patis-x-clima-II-mesa-intersectorial-madrid-1-1024x768.jpg 1024w, https://thegreenballoon.org/patisxclima/wp-content/uploads/2024/06/patis-x-clima-II-mesa-intersectorial-madrid-1-768x576.jpg 768w, https://thegreenballoon.org/patisxclima/wp-content/uploads/2024/06/patis-x-clima-II-mesa-intersectorial-madrid-1-1536x1152.jpg 1536w" sizes="auto, (max-width: 2000px) 100vw, 2000px" /></a></figure>


<div class="wp-block-group is-vertical is-content-justification-stretch is-layout-flex wp-container-core-group-is-layout-b16ad781 wp-block-group-is-layout-flex"><h3 class="wp-block-post-title"><a href="https://thegreenballoon.org/patisxclima/noticias/ii-mesa-intersectorial-estatal-renaturalizacion-de-la-escuela/" target="_self" >II mesa intersectorial estatal en Madrid</a></h3>

<div class="wp-block-post-excerpt"><p class="wp-block-post-excerpt__excerpt">El pasado 30 y 31 de Mayo tuvo lugar la II Mesa Intersectorial a nivel estatal de Renaturalización de Espacios&hellip; </p></div>


<p></p>



<p></p>
</div>

</li><li class="wp-block-post post-7328 post type-post status-publish format-standard has-post-thumbnail hentry category-noticias category-patios-x-clima-red infinite-scroll-item generate-columns tablet-grid-50 mobile-grid-100 grid-parent grid-25 no-featured-image-padding">
<figure style="aspect-ratio:16/9;" class="wp-block-post-featured-image"><a href="https://thegreenballoon.org/patisxclima/noticias/resultados-de-la-i-mesa-intersectorial-a-nivel-estatal/" target="_self"  ><img loading="lazy" decoding="async" width="1200" height="675" src="https://thegreenballoon.org/patisxclima/wp-content/uploads/2023/11/231019_taula-intersectorial-4-scaled.jpg" class="attachment-post-thumbnail size-post-thumbnail wp-post-image" alt="I Mesa Intersectorial a nivel estatal en Barcelona" style="width:100%;height:100%;object-fit:cover;" srcset="https://thegreenballoon.org/patisxclima/wp-content/uploads/2023/11/231019_taula-intersectorial-4-scaled.jpg 1200w, https://thegreenballoon.org/patisxclima/wp-content/uploads/2023/11/231019_taula-intersectorial-4-scaled-300x169.jpg 300w, https://thegreenballoon.org/patisxclima/wp-content/uploads/2023/11/231019_taula-intersectorial-4-scaled-1024x576.jpg 1024w, https://thegreenballoon.org/patisxclima/wp-content/uploads/2023/11/231019_taula-intersectorial-4-scaled-768x432.jpg 768w" sizes="auto, (max-width: 1200px) 100vw, 1200px" /></a></figure>


<div class="wp-block-group is-vertical is-content-justification-stretch is-layout-flex wp-container-core-group-is-layout-b16ad781 wp-block-group-is-layout-flex"><h3 class="wp-block-post-title"><a href="https://thegreenballoon.org/patisxclima/noticias/resultados-de-la-i-mesa-intersectorial-a-nivel-estatal/" target="_self" >I Mesa Intersectorial a nivel estatal en Barcelona</a></h3>

<div class="wp-block-post-excerpt"><p class="wp-block-post-excerpt__excerpt">Por séptimo año consecutivo se celebran las Jornadas de Renaturalización de Espacios y Entornos Educativos. A lo largo de estos&hellip; </p></div>


<p></p>



<p></p>
</div>

</li></ul>


<div style="height:var(--wp--preset--spacing--80)" aria-hidden="true" class="wp-block-spacer"></div>




</div>



<p></p>
